-3*l - 5*t, 4*l + 4*t - 100 = 0. Suppose l*c - 23*c = 41. What are the prime factors of c?
41
Suppose -1100 = -4*h + 31372. List the prime factors of h.
2, 3, 11, 41
Let f(n) = n**3 - 6*n**2 + 3*n + 10. Let t be 0 + -3 - (-1 + -7). Let h be f(t). Suppose -5*g - 7*g + 2928 = h. What are the prime factors of g?
2, 61
Suppose -3*f - 17 = 4*r, -2*r - f + 2*f - 1 = 0. Let i(g) = 3*g**2 + 2*g + 1. What are the prime factors of i(r)?
3
Suppose 5*o = 1418 - 153. Let a = o + 748. What are the prime factors of a?
7, 11, 13
What are the prime factors of 6/(-20) + 2713/70*7?
271
Let j = 10252 + 3513. What are the prime factors of j?
5, 2753
Let l = -2174 + 7297. List the prime factors of l.
47, 109
Let l = 3484 + -1123. Suppose -16 = 4*x, 4*p + 3*x + l = 7*p. What are the prime factors of p?
3, 29
Let p(r) = 7*r**3 - 20*r**2 - 31*r - 14. Let v(m) = -m**3 - m**2 + 2. Let k(i) = -p(i) - 6*v(i). What are the prime factors of k(27)?
2, 5, 11
Suppose -18*u = -12*u - 12. Suppose -3*g + 2*g + 15 = 2*i, -2*g = u*i - 20. What are the prime factors of g?
5
Suppose -600 = -60*b + 10*b. Suppose 4*i + b*p - 858 = 7*p, 4*i - 4*p - 840 = 0. List the prime factors of i.
2, 53
Suppose -17 = -2*z + 2*q + 29, q = -5*z + 145. List the prime factors of (-574)/z*(-2 + 0).
41
Let c = 4508 - 4480. Let h = 71 - -154. Let y = h - c. List the prime factors of y.
197
Let q(r) = -486*r - 19188. List the prime factors of q(-102).
2, 3, 211
Suppose 199864 + 833756 = 35*x. What are the prime factors of x?
2, 3, 23, 107
Let u be (-4 - 5)*20/(-3). Suppose 4*s + 4*l - 68 = 0, 4*l - 2*l - u = -4*s. Suppose -s*i + 30 = -10*i. List the prime factors of i.
2, 5
Suppose -2*n = -14, 16358 = z - n - 15223. List the prime factors of z.
2, 53, 149
Suppose -248 = 5*v + 3*p - 4415, 5*p = 5*v - 4135. Let t = v + -799. List the prime factors of t.
2
Let l(a) = -2*a**3 + 7*a**2 + 2*a - 18. Let x be (1/(-3))/((-14)/252). Let c be l(x). Let r = 317 + c. What are the prime factors of r?
131
Let m be 2 - 0 - 6/(-6). Suppose -2*d - 2180 = 3*q, m*q = -5*d - 505 - 1660. What are the prime factors of 1/(-3) - q/30?
2, 3
List the prime factors of ((-182)/84 - 10/(-6))*-290.
5, 29
Suppose 8*m - 28 = 4*m. Suppose -4 + 18 = m*d. Suppose -3*z = 4*r - 548, -d*z + 412 = -r + 4*r. What are the prime factors of r?
2, 5, 7
Suppose 0*c + 213 = 5*c + z, -4*c = 3*z - 177. Suppose c*x + 12*x - 13122 = 0. What are the prime factors of x?
3
Suppose -115*z = -117*z + 53900. List the prime factors of z.
2, 5, 7, 11
Let h be ((-3)/(15/(-499)))/(54/270). Suppose 3*a + a = 3*z - h, 4*z - 4*a - 664 = 0. What are the prime factors of z?
3, 5, 11
Suppose 15*o - 12*o + 4171 = 2*l, 4*l = 3*o + 8327. What are the prime factors of l?
2, 1039
Suppose -4*g - 5*l + 90459 = 0, g + 5*l = 8526 + 14070. What are the prime factors of g?
22621
List the prime factors of ((-4)/10*7684)/((-180)/450).
2, 17, 113
Let t = -210 - -90. What are the prime factors of 8/12*-3 - 6*t?
2, 359
Let y = 1543 + -1039. Suppose 3*a = 3*j + 1587 - y, -3*j - 365 = -a. What are the prime factors of a?
359
Let x = 4319 - -11256. List the prime factors of x.
5, 7, 89
Let r(i) = -157*i + 136. Let n be r(-8). Suppose -s + n = 5*y, 5*s - 21*y - 6820 = -18*y. List the prime factors of s.
1367
Let m(q) = q**3 + 32*q**2 - 55*q + 443. List the prime factors of m(-25).
11, 563
List the prime factors of (-2 - 1311508/(-77)) + (-15)/(-35).
3, 7, 811
Let z(s) = -s - 1. Let t(w) = 2*w. Let i(l) = -t(l) + 3*z(l). Let r(q) = q**3 - 8*q**2 - 2*q + 12. Let g be r(8). List the prime factors of i(g).
17
Suppose -m + 1 = -1. Suppose 0*k + k = -4*t + 8, 4*t = -3*k. What are the prime factors of m/t + (-88)/(-3)?
2, 3, 5
Suppose 0 = u, 7*w - 2*w - 3*u = -150. Let c be 24/w*-5 + (-1 - 83). Let h = 116 + c. List the prime factors of h.
2, 3
Let q(z) be the third derivative of z**6/120 - 13*z**5/30 + 7*z**4/8 - 3*z**3 - 31*z**2. List the prime factors of q(26).
2, 3, 11
Let q be (6/9)/(-2 + (-400)/(-195)). Suppose -6 = 12*i - q*i. Suppose 3*b = i*b - 162. What are the prime factors of b?
2, 3
Let b = 117 + -115. Suppose f - 2*y = -2*f - 19, b*y - 14 = 2*f. List the prime factors of -2*(34/4 + -2)*f.
5, 13
List the prime factors of (-4)/34 - (-1)/((-357)/(-15204315)).
42589
Let d(h) = -22*h + 103. Let i be d(9). Let t(o) = o**2 - 6*o + 3. Let r be t(8). Let p = r - i. List the prime factors of p.
2, 3, 19
Let s = -1837 + 5147. What are the prime factors of s?
2, 5, 331
Let y = 28 - 5. Let u be ((-10)/3)/(13*(-6)/(-585)). Let m = y - u. What are the prime factors of m?
2, 3
Let h(y) = -16 - 7 + 4*y**2 - 3*y**2 + 9*y. Let m be (-8)/36*57 - (-60)/(-45). What are the prime factors of h(m)?
47
Let a(k) = 7948*k**2 - 2*k + 2. Let g be a(1). Suppose -g + 34808 = 20*h. What are the prime factors of h?
17, 79
Let v = 20144 + 13104. List the prime factors of v.
2, 1039
Suppose 0 = 5*x - 10*x + 28160. Suppose -1792 + x = 12*a. Let s = -216 + a. What are the prime factors of s?
2, 13
Let t = -12052 + 25620. List the prime factors of t.
2, 53
Suppose 16*k - 11049 = 157255. List the prime factors of k.
67, 157
Suppose -2*j = -m - 91918, j - 2*m = -3274 + 49221. What are the prime factors of j?
3, 5107
Let p(y) = 6*y**2 + 9*y + 44. Suppose -5*h - 57 = -2*r, 3*h + 2*r = 5*r - 36. What are the prime factors of p(h)?
11, 61
Let f(q) = 409*q + 33. Let g be f(3). Suppose g = 8*m - 804. What are the prime factors of m?
2, 3, 43
Suppose 400 = 39*n - 23*n. Suppose 9845 = -n*x + 26170. What are the prime factors of x?
653
Let q(h) = 4*h + 110. Let g be q(-4). Suppose 0 = -g*y + 87*y + 5831. List the prime factors of y.
7, 17
Suppose -q = 4*j - 12770, -450*j = -4*q - 454*j + 51008. List the prime factors of q.
2, 6373
Let c(a) = 20*a**2 + 144*a - 538. List the prime factors of c(4).
2, 179
Let b = -10254 - -32574. List the prime factors of b.
2, 3, 5, 31
List the prime factors of 777250/75*(-4)/((-8)/12*5).
2, 3109
Let u(z) = 17*z + 117. Let k be u(22). Suppose a + 140 = 2*p - 105, 4*p = a + k. List the prime factors of p.
3, 41
Suppose -23*t + 3432 = -15*t. Suppose 2*q + 5*x - t = 0, 2*x - 41 - 175 = -q. Let c = -127 + q. What are the prime factors of c?
5, 19
Suppose -11244*n + 11189*n = -3074335. What are the prime factors of n?
55897
Suppose 3*b - 7*b - 5*u = -40, 0 = -3*b - 2*u + 30. What are the prime factors of 4 - 23/(-2)*b?
7, 17
Let d be -64 - -47 - (-9 - 1). Let q(l) = -1. Let p(h) = 11*h - 18. Let k(b) = -p(b) + 4*q(b). What are the prime factors of k(d)?
7, 13
Let l(b) = b**3 + 16*b**2 + 14*b + 13. Let n be 33/(-4)*(20 - 16). Let a = -48 - n. List the prime factors of l(a).
2, 7
Let h be (-1)/(-5) + 16/(-5). Let b(c) = c**3 - 28*c**2 - 71*c + 38. Let p be b(28). List the prime factors of p/(-18) - (-4)/h.
107
Suppose -6*m = -2*u - 7*m + 1116, 4*u + 4*m = 2240. Suppose -u - 290 = -3*t. List the prime factors of t.
2, 3, 47
Let s = -48 + 50. Suppose 0 = 5*y + 4*x - 2530, 5*x - 485 = y - s*y. Suppose 2*c - 5 = -15, y = 2*r - 2*c. List the prime factors of r.
2, 5
Suppose -21*t + 33*t + 98190 = 30*t. What are the prime factors of t?
5, 1091
Suppose -319147 - 15756647 = -53*n - 381*n. List the prime factors of n.
3, 12347
Let k(p) be the second derivative of -p**5/30 + 193*p**3/6 - p**2 + 8*p. Let a(w) be the first derivative of k(w). List the prime factors of a(0).
193
Suppose -11 = 4*s + 1. Let o be 2 - (-3 + -175*(-2 - s)). Suppose 0 = m + 5*f - 27, 2*f = -2*m - 2*m + o. List the prime factors of m.
47
Let g be 1/3 + 0 + 44/12. List the prime factors of 3741/g + 17/(-68).
5, 11, 17
Let p(d) = 4*d**3 + d + 2. Let g be p(-1). What are the prime factors of (3/1)/(g/(-496))?
2, 31
Suppose -3*x + 2 = -x. Let n(q) = 22*q - 2. Let t(v) = 64*v - 6. Let l(r) = 10*n(r) - 3*t(r). What are the prime factors of l(x)?
2, 13
Suppose 5 = -k, -2*x + 14753 = -18*k + 15*k. List the prime factors of x.
7369
Suppose 23046 = 5*x + 6116. What are the prime factors of x?
2, 1693
Let u be 4/(-7)*(-5 + 3/2). Suppose -u*c = -0*c - 128. Suppose -5*l + 5*p = -394 + c, 4*l - p - 255 = 0. What are the prime factors of l?
3, 7
Let x(y) = -2*y**2 + 1. Let o be x(-5). Let s be 6/(((-5)/(-120))/((-1)/(-2))). Let h = s + o. List the prime factors of h.
23
Let u(v) = 20*v**2 - 2*v - 3. Let b(g) = -6*g**2 + g - g**2 + 4*g**2 + 4*g**2. Let k b